{"id":46,"date":"2016-08-09T09:38:08","date_gmt":"2016-08-09T07:38:08","guid":{"rendered":"http:\/\/bruk.beskidy.pl\/?page_id=46"},"modified":"2016-12-05T22:07:38","modified_gmt":"2016-12-05T21:07:38","slug":"uslugi-brukarskie","status":"publish","type":"page","link":"https:\/\/bruk.beskidy.pl\/index.php\/bruk-hurtownia-budowlana-jasienica\/oferta\/uslugi-brukarskie\/","title":{"rendered":"Us\u0142ugi brukarskie"},"content":{"rendered":"<p style=\"text-align: justify;\">Jeste\u015bmy pr\u0119\u017cnie dzia\u0142aj\u0105ca firm\u0105 brukarsk\u0105. Osi\u0105gamy najwy\u017csz\u0105 jako\u015b\u0107 dzi\u0119ki do\u015bwiadczeniu nabytemu przy wsp\u00f3\u0142pracy z najbardziej wymagaj\u0105cym inwestorem prywatnym, kt\u00f3rego oczekiwania jeste\u015bmy w stanie zaspokoi\u0107.<\/p>\n<p style=\"text-align: justify;\">Jest to mo\u017cliwe dzi\u0119ki stabilnej i zdyscyplinowanej, wyposa\u017conej w wiedz\u0119 i profesjonalny sprz\u0119t za\u0142odze.<\/p>\n<p style=\"text-align: justify;\"><strong>My nie uk\u0142adamy kostki, my tworzymy przestrze\u0144 dla Ciebie, realizujemy Twoj\u0105 wizje pi\u0119knego otoczenia dodaj\u0105c praktyczne spojrzenie.<\/strong><\/p>\n<p style=\"text-align: justify;\">Wsp\u00f3\u0142pracuj\u0105c z nami nie martwisz si\u0119, kiedy i jaki materia\u0142 dostarczy\u0107 na budow\u0119.<br \/>\n<strong>My zajmujemy si\u0119 wszystkim<\/strong>, Tobie pozostawiamy por\u00f3wnanie efekt\u00f3w z oczekiwaniami.<br \/>\nRoboty brukarskie wykonujemy kompleksowo z najlepszych materia\u0142\u00f3w w cenach niedost\u0119pnych dla indywidualnych klient\u00f3w.<\/p>\n<p style=\"text-align: justify;\">Specjalizujemy si\u0119 w uk\u0142adaniu wszystkich rodzaj\u00f3w kostki od granitu przez klinkier a\u017c po bruk tradycyjny czy a\u017cury. Wykorzystujemy r\u00f3wnie\u017c kamie\u0144 naturalny i wszelkiego rodzaju galanteri\u0119 betonow\u0105 (gazony, palisady itp.)<\/p>\n<p style=\"text-align: justify;\">Zasi\u0119giem dzia\u0142ania obejmujemy ca\u0142y kraj, woj. \u015al\u0105skie a w szczeg\u00f3lno\u015bci Podbeskidzie. Chocia\u017c naszymi klientami w przewa\u017caj\u0105cej wi\u0119kszo\u015bci s\u0105 inwestorzy prywatni nie przeszkodzi\u0142o nam to bra\u0107 udzia\u0142 w wielu przedsi\u0119wzi\u0119ciach w naszym regionie takich jak:<\/p>\n<ul style=\"text-align: justify;\">\n<li>budowa obwodnicy S-1,<\/li>\n<li>zjazdy i ronda przy: Auchan i Ceramika Pilch,<\/li>\n<li>budowa salon\u00f3w AUDI i VW czy zak\u0142ad\u00f3w SOBIK lub Galerii Sfera.<\/li>\n<\/ul>\n<p style=\"text-align: justify;\">Wybrukowali\u015bmy kilka kilometr\u00f3w chodnik\u00f3w ,dojazd\u00f3w i parking\u00f3w dla Urz\u0119d\u00f3w Pa\u0144stwowych.<\/p>\n<p style=\"text-align: justify;\">Je\u015bli chcesz do\u0142\u0105czy\u0107 do grona naszych zadowolonych klient\u00f3w <a href=\"https:\/\/bruk.beskidy.pl\/index.php\/kontakt\/\">skontaktuj si\u0119 z nami<\/a>, a przygotujemy dla Ciebie specjaln\u0105 ofert\u0119.<\/p>\n","protected":false},"excerpt":{"rendered":"<p>Jeste\u015bmy pr\u0119\u017cnie dzia\u0142aj\u0105ca firm\u0105 brukarsk\u0105. Osi\u0105gamy najwy\u017csz\u0105 jako\u015b\u0107 dzi\u0119ki do\u015bwiadczeniu nabytemu przy wsp\u00f3\u0142pracy z najbardziej wymagaj\u0105cym inwestorem prywatnym, kt\u00f3rego oczekiwania jeste\u015bmy w stanie zaspokoi\u0107. Jest to mo\u017cliwe dzi\u0119ki stabilnej i zdyscyplinowanej, wyposa\u017conej w wiedz\u0119 i profesjonalny sprz\u0119t za\u0142odze. My nie uk\u0142adamy kostki, my tworzymy przestrze\u0144 dla Ciebie, realizujemy Twoj\u0105 wizje pi\u0119knego otoczenia dodaj\u0105c praktyczne spojrzenie. [&hellip;]<\/p>\n","protected":false},"author":1,"featured_media":0,"parent":361,"menu_order":0,"comment_status":"closed","ping_status":"closed","template":"","meta":{"footnotes":""},"yoast_head":"<!-- This site is optimized with the Yoast SEO plugin v20.4 - https:\/\/yoast.com\/wordpress\/plugins\/seo\/ -->\n<title>Us\u0142ugi brukarskie - BRUK - Hurtownia Budowlana Jasienica<\/title>\n<meta name=\"robots\" content=\"index, follow, max-snippet:-1, max-image-preview:large, max-video-preview:-1\" \/>\n<link rel=\"canonical\" href=\"https:\/\/bruk.beskidy.pl\/index.php\/bruk-hurtownia-budowlana-jasienica\/oferta\/uslugi-brukarskie\/\" \/>\n<meta property=\"og:locale\" content=\"pl_PL\" \/>\n<meta property=\"og:type\" content=\"article\" \/>\n<meta property=\"og:title\" content=\"Us\u0142ugi brukarskie - BRUK - Hurtownia Budowlana Jasienica\" \/>\n<meta property=\"og:description\" content=\"Jeste\u015bmy pr\u0119\u017cnie dzia\u0142aj\u0105ca firm\u0105 brukarsk\u0105. Osi\u0105gamy najwy\u017csz\u0105 jako\u015b\u0107 dzi\u0119ki do\u015bwiadczeniu nabytemu przy wsp\u00f3\u0142pracy z najbardziej wymagaj\u0105cym inwestorem prywatnym, kt\u00f3rego oczekiwania jeste\u015bmy w stanie zaspokoi\u0107. Jest to mo\u017cliwe dzi\u0119ki stabilnej i zdyscyplinowanej, wyposa\u017conej w wiedz\u0119 i profesjonalny sprz\u0119t za\u0142odze. My nie uk\u0142adamy kostki, my tworzymy przestrze\u0144 dla Ciebie, realizujemy Twoj\u0105 wizje pi\u0119knego otoczenia dodaj\u0105c praktyczne spojrzenie. [&hellip;]\" \/>\n<meta property=\"og:url\" content=\"https:\/\/bruk.beskidy.pl\/index.php\/bruk-hurtownia-budowlana-jasienica\/oferta\/uslugi-brukarskie\/\" \/>\n<meta property=\"og:site_name\" content=\"BRUK - Hurtownia Budowlana Jasienica\" \/>\n<meta property=\"article:publisher\" content=\"https:\/\/www.facebook.com\/BrukSklep\" \/>\n<meta property=\"article:modified_time\" content=\"2016-12-05T21:07:38+00:00\" \/>\n<meta name=\"twitter:card\" content=\"summary_large_image\" \/>\n<meta name=\"twitter:label1\" content=\"Szacowany czas czytania\" \/>\n\t<meta name=\"twitter:data1\" content=\"1 minuta\" \/>\n<script type=\"application\/ld+json\" class=\"yoast-schema-graph\">{\"@context\":\"https:\/\/schema.org\",\"@graph\":[{\"@type\":\"WebPage\",\"@id\":\"https:\/\/bruk.beskidy.pl\/index.php\/bruk-hurtownia-budowlana-jasienica\/oferta\/uslugi-brukarskie\/\",\"url\":\"https:\/\/bruk.beskidy.pl\/index.php\/bruk-hurtownia-budowlana-jasienica\/oferta\/uslugi-brukarskie\/\",\"name\":\"Us\u0142ugi brukarskie - BRUK - Hurtownia Budowlana Jasienica\",\"isPartOf\":{\"@id\":\"https:\/\/bruk.beskidy.pl\/#website\"},\"datePublished\":\"2016-08-09T07:38:08+00:00\",\"dateModified\":\"2016-12-05T21:07:38+00:00\",\"breadcrumb\":{\"@id\":\"https:\/\/bruk.beskidy.pl\/index.php\/bruk-hurtownia-budowlana-jasienica\/oferta\/uslugi-brukarskie\/#breadcrumb\"},\"inLanguage\":\"pl-PL\",\"potentialAction\":[{\"@type\":\"ReadAction\",\"target\":[\"https:\/\/bruk.beskidy.pl\/index.php\/bruk-hurtownia-budowlana-jasienica\/oferta\/uslugi-brukarskie\/\"]}]},{\"@type\":\"BreadcrumbList\",\"@id\":\"https:\/\/bruk.beskidy.pl\/index.php\/bruk-hurtownia-budowlana-jasienica\/oferta\/uslugi-brukarskie\/#breadcrumb\",\"itemListElement\":[{\"@type\":\"ListItem\",\"position\":1,\"name\":\"Strona g\u0142\u00f3wna\",\"item\":\"https:\/\/bruk.beskidy.pl\/\"},{\"@type\":\"ListItem\",\"position\":2,\"name\":\"BRUK &#8211; Hurtownia budowlana i us\u0142ugi brukarskie Jasienica i okolice\",\"item\":\"https:\/\/bruk.beskidy.pl\/\"},{\"@type\":\"ListItem\",\"position\":3,\"name\":\"Oferta\",\"item\":\"https:\/\/bruk.beskidy.pl\/index.php\/bruk-hurtownia-budowlana-jasienica\/oferta\/\"},{\"@type\":\"ListItem\",\"position\":4,\"name\":\"Us\u0142ugi brukarskie\"}]},{\"@type\":\"WebSite\",\"@id\":\"https:\/\/bruk.beskidy.pl\/#website\",\"url\":\"https:\/\/bruk.beskidy.pl\/\",\"name\":\"BRUK - Hurtownia Budowlana Jasienica\",\"description\":\"Zapraszamy do naszej hurtowni budowlanej BRUK, gdzie mo\u017cecie Pa\u0144stwo znale\u017a\u0107 pe\u0142n\u0105 ofert\u0119 materia\u0142\u00f3w budowlanych. Jak w ka\u017cdej hurtowni materia\u0142\u00f3w budowlanych nie jeste\u015bmy w stanie wyeksponowa\u0107 pe\u0142nego zakresu narz\u0119dzi i materia\u0142\u00f3w budowlanych kt\u00f3re mamy w ofercie do sprzeda\u017cy. Wi\u0119kszo\u015b\u0107 materia\u0142\u00f3w budowlanych dostarczamy na zam\u00f3wienie bezpo\u015brednio na budow\u0119.\",\"publisher\":{\"@id\":\"https:\/\/bruk.beskidy.pl\/#organization\"},\"potentialAction\":[{\"@type\":\"SearchAction\",\"target\":{\"@type\":\"EntryPoint\",\"urlTemplate\":\"https:\/\/bruk.beskidy.pl\/?s={search_term_string}\"},\"query-input\":\"required name=search_term_string\"}],\"inLanguage\":\"pl-PL\"},{\"@type\":\"Organization\",\"@id\":\"https:\/\/bruk.beskidy.pl\/#organization\",\"name\":\"BRUK Sylwester Dziatzko\",\"url\":\"https:\/\/bruk.beskidy.pl\/\",\"logo\":{\"@type\":\"ImageObject\",\"inLanguage\":\"pl-PL\",\"@id\":\"https:\/\/bruk.beskidy.pl\/#\/schema\/logo\/image\/\",\"url\":\"https:\/\/bruk.beskidy.pl\/wp-content\/uploads\/2017\/08\/bruk-logo.jpg\",\"contentUrl\":\"https:\/\/bruk.beskidy.pl\/wp-content\/uploads\/2017\/08\/bruk-logo.jpg\",\"width\":120,\"height\":108,\"caption\":\"BRUK Sylwester Dziatzko\"},\"image\":{\"@id\":\"https:\/\/bruk.beskidy.pl\/#\/schema\/logo\/image\/\"},\"sameAs\":[\"https:\/\/www.facebook.com\/BrukSklep\"]}]}<\/script>\n<!-- \/ Yoast SEO plugin. -->","yoast_head_json":{"title":"Us\u0142ugi brukarskie - BRUK - Hurtownia Budowlana Jasienica","robots":{"index":"index","follow":"follow","max-snippet":"max-snippet:-1","max-image-preview":"max-image-preview:large","max-video-preview":"max-video-preview:-1"},"canonical":"https:\/\/bruk.beskidy.pl\/index.php\/bruk-hurtownia-budowlana-jasienica\/oferta\/uslugi-brukarskie\/","og_locale":"pl_PL","og_type":"article","og_title":"Us\u0142ugi brukarskie - BRUK - Hurtownia Budowlana Jasienica","og_description":"Jeste\u015bmy pr\u0119\u017cnie dzia\u0142aj\u0105ca firm\u0105 brukarsk\u0105. Osi\u0105gamy najwy\u017csz\u0105 jako\u015b\u0107 dzi\u0119ki do\u015bwiadczeniu nabytemu przy wsp\u00f3\u0142pracy z najbardziej wymagaj\u0105cym inwestorem prywatnym, kt\u00f3rego oczekiwania jeste\u015bmy w stanie zaspokoi\u0107. Jest to mo\u017cliwe dzi\u0119ki stabilnej i zdyscyplinowanej, wyposa\u017conej w wiedz\u0119 i profesjonalny sprz\u0119t za\u0142odze. My nie uk\u0142adamy kostki, my tworzymy przestrze\u0144 dla Ciebie, realizujemy Twoj\u0105 wizje pi\u0119knego otoczenia dodaj\u0105c praktyczne spojrzenie. [&hellip;]","og_url":"https:\/\/bruk.beskidy.pl\/index.php\/bruk-hurtownia-budowlana-jasienica\/oferta\/uslugi-brukarskie\/","og_site_name":"BRUK - Hurtownia Budowlana Jasienica","article_publisher":"https:\/\/www.facebook.com\/BrukSklep","article_modified_time":"2016-12-05T21:07:38+00:00","twitter_card":"summary_large_image","twitter_misc":{"Szacowany czas czytania":"1 minuta"},"schema":{"@context":"https:\/\/schema.org","@graph":[{"@type":"WebPage","@id":"https:\/\/bruk.beskidy.pl\/index.php\/bruk-hurtownia-budowlana-jasienica\/oferta\/uslugi-brukarskie\/","url":"https:\/\/bruk.beskidy.pl\/index.php\/bruk-hurtownia-budowlana-jasienica\/oferta\/uslugi-brukarskie\/","name":"Us\u0142ugi brukarskie - BRUK - Hurtownia Budowlana Jasienica","isPartOf":{"@id":"https:\/\/bruk.beskidy.pl\/#website"},"datePublished":"2016-08-09T07:38:08+00:00","dateModified":"2016-12-05T21:07:38+00:00","breadcrumb":{"@id":"https:\/\/bruk.beskidy.pl\/index.php\/bruk-hurtownia-budowlana-jasienica\/oferta\/uslugi-brukarskie\/#breadcrumb"},"inLanguage":"pl-PL","potentialAction":[{"@type":"ReadAction","target":["https:\/\/bruk.beskidy.pl\/index.php\/bruk-hurtownia-budowlana-jasienica\/oferta\/uslugi-brukarskie\/"]}]},{"@type":"BreadcrumbList","@id":"https:\/\/bruk.beskidy.pl\/index.php\/bruk-hurtownia-budowlana-jasienica\/oferta\/uslugi-brukarskie\/#breadcrumb","itemListElement":[{"@type":"ListItem","position":1,"name":"Strona g\u0142\u00f3wna","item":"https:\/\/bruk.beskidy.pl\/"},{"@type":"ListItem","position":2,"name":"BRUK &#8211; Hurtownia budowlana i us\u0142ugi brukarskie Jasienica i okolice","item":"https:\/\/bruk.beskidy.pl\/"},{"@type":"ListItem","position":3,"name":"Oferta","item":"https:\/\/bruk.beskidy.pl\/index.php\/bruk-hurtownia-budowlana-jasienica\/oferta\/"},{"@type":"ListItem","position":4,"name":"Us\u0142ugi brukarskie"}]},{"@type":"WebSite","@id":"https:\/\/bruk.beskidy.pl\/#website","url":"https:\/\/bruk.beskidy.pl\/","name":"BRUK - Hurtownia Budowlana Jasienica","description":"Zapraszamy do naszej hurtowni budowlanej BRUK, gdzie mo\u017cecie Pa\u0144stwo znale\u017a\u0107 pe\u0142n\u0105 ofert\u0119 materia\u0142\u00f3w budowlanych. Jak w ka\u017cdej hurtowni materia\u0142\u00f3w budowlanych nie jeste\u015bmy w stanie wyeksponowa\u0107 pe\u0142nego zakresu narz\u0119dzi i materia\u0142\u00f3w budowlanych kt\u00f3re mamy w ofercie do sprzeda\u017cy. Wi\u0119kszo\u015b\u0107 materia\u0142\u00f3w budowlanych dostarczamy na zam\u00f3wienie bezpo\u015brednio na budow\u0119.","publisher":{"@id":"https:\/\/bruk.beskidy.pl\/#organization"},"potentialAction":[{"@type":"SearchAction","target":{"@type":"EntryPoint","urlTemplate":"https:\/\/bruk.beskidy.pl\/?s={search_term_string}"},"query-input":"required name=search_term_string"}],"inLanguage":"pl-PL"},{"@type":"Organization","@id":"https:\/\/bruk.beskidy.pl\/#organization","name":"BRUK Sylwester Dziatzko","url":"https:\/\/bruk.beskidy.pl\/","logo":{"@type":"ImageObject","inLanguage":"pl-PL","@id":"https:\/\/bruk.beskidy.pl\/#\/schema\/logo\/image\/","url":"https:\/\/bruk.beskidy.pl\/wp-content\/uploads\/2017\/08\/bruk-logo.jpg","contentUrl":"https:\/\/bruk.beskidy.pl\/wp-content\/uploads\/2017\/08\/bruk-logo.jpg","width":120,"height":108,"caption":"BRUK Sylwester Dziatzko"},"image":{"@id":"https:\/\/bruk.beskidy.pl\/#\/schema\/logo\/image\/"},"sameAs":["https:\/\/www.facebook.com\/BrukSklep"]}]}},"_links":{"self":[{"href":"https:\/\/bruk.beskidy.pl\/index.php\/wp-json\/wp\/v2\/pages\/46"}],"collection":[{"href":"https:\/\/bruk.beskidy.pl\/index.php\/wp-json\/wp\/v2\/pages"}],"about":[{"href":"https:\/\/bruk.beskidy.pl\/index.php\/wp-json\/wp\/v2\/types\/page"}],"author":[{"embeddable":true,"href":"https:\/\/bruk.beskidy.pl\/index.php\/wp-json\/wp\/v2\/users\/1"}],"replies":[{"embeddable":true,"href":"https:\/\/bruk.beskidy.pl\/index.php\/wp-json\/wp\/v2\/comments?post=46"}],"version-history":[{"count":2,"href":"https:\/\/bruk.beskidy.pl\/index.php\/wp-json\/wp\/v2\/pages\/46\/revisions"}],"predecessor-version":[{"id":49,"href":"https:\/\/bruk.beskidy.pl\/index.php\/wp-json\/wp\/v2\/pages\/46\/revisions\/49"}],"up":[{"embeddable":true,"href":"https:\/\/bruk.beskidy.pl\/index.php\/wp-json\/wp\/v2\/pages\/361"}],"wp:attachment":[{"href":"https:\/\/bruk.beskidy.pl\/index.php\/wp-json\/wp\/v2\/media?parent=46"}],"curies":[{"name":"wp","href":"https:\/\/api.w.org\/{rel}","templated":true}]}}